.
8
Suppose x = 2 - 0. Suppose x*a = -2*a + 12. Suppose 0*w = a*w - 189. What is the greatest common divisor of w and 7?
7
Let y be 335/15 - 2/(-3). Suppose a = -j + 45, 8 = -3*j + y. Calculate the greatest common divisor of 16 and a.
8
Let a = -158 - -248. What is the greatest common divisor of 10 and a?
10
Suppose 2*v - 50 = -4*a, -v + 61 = 5*a - 0*v. What is the highest common factor of a and 96?
12
Suppose 3*l = 2*o + 9, 3*l + 2*l - 15 = -2*o. Suppose -l*m + m + 4*h + 30 = 0, -4*m = 5*h - 8. Calculate the greatest common factor of m and 35.
7
Suppose 2 + 10 = 3*m. Calculate the greatest common factor of m and 8.
4
Let a = -91 + 96. Suppose -2*j - 20 = -6*j. Suppose y - 15 - j = 0. What is the greatest common factor of a and y?
5
Suppose 2*q - 10 = -0. Calculate the greatest common factor of 45 and q.
5
Suppose 0 = 4*b - 13 - 3. Let m = 93 + -62. Let p = m + 5. Calculate the highest common factor of p and b.
4
Let t(c) = -c**2 + 20*c - 3. Let b be t(13). What is the highest common factor of b and 8?
8
Suppose 39 = -5*p + 129. Calculate the highest common factor of 2 and p.
2
Suppose 6 = -2*s, -4*s + 0*s - 87 = -5*x. What is the highest common factor of 105 and x?
15
Let d be -210*(-2)/(11 - 5). What is the greatest common divisor of d and 10?
10
Suppose -3*i - 3 = 0, -50 = -2*z - 3*z + 5*i. What is the greatest common factor of z and 9?
9
Suppose -3*s + 24 = s. Let m be -3 + -3 + s - -24. Suppose 72 = l + l. Calculate the greatest common factor of m and l.
12
Let b(s) = s**3 + 16*s**2 + 16*s + 19. Let p be b(-15). Calculate the highest common divisor of p and 8.
4
Let c(t) = -t + 1. Let o be c(-2). Let x(k) = -o + 9 - 3*k + k. Let p be x(-8). What is the greatest common divisor of 2 and p?
2
Let w(f) = f**3 + 9*f**2 + 6*f + 20. Let u be w(-8). Calculate the highest common divisor of u and 3.
3
Let b be (-3)/(12/32)*-1. Calculate the greatest common divisor of 8 and b.
8
Suppose 4*d + 3*q + q = 108, 4*q + 24 = 2*d. Calculate the greatest common factor of 2 and d.
2
Suppose -3*m + 226 = -554. Calculate the highest common factor of 52 and m.
52
Let v(m) = m**2 - 2*m - 2. Let r be v(4). Let j be 42/1 + -1 - -1. Calculate the greatest common factor of r and j.
6
Suppose -2*j + 10 = -2*u - 2*u, 0 = -2*j + 3*u + 11. Calculate the greatest common divisor of j and 14.
7
Let h = -6 - -13. Calculate the highest common factor of 112 and h.
7
Suppose 0*u - u = 2*y - 30, 31 = u + y. What is the highest common divisor of u and 128?
32
Suppose 3*r + 0*r - 80 = c, -4*c = 4*r - 80. What is the greatest common factor of 275 and r?
25
Let w = -121 + 211. Let j = -35 + 45. Calculate the greatest common divisor of w and j.
10
Suppose -3*a - 56 = -7*a. What is the greatest common divisor of a and 42?
14
Suppose y - 3*y - 2*b + 118 = 0, -271 = -5*y + b. Calculate the highest common factor of y and 5.
5
Let o(z) = z + 10. Let f be o(-5). Suppose -4*i + 411 = 4*b - 177, -f*i + 735 = -4*b. What is the highest common divisor of i and 21?
21
Let o(t) = -t + t + 0*t + 3*t + t**2. Let b be o(-4). Calculate the greatest common factor of b and 32.
4
Let a = 119 + -93. Calculate the highest common factor of 338 and a.
26
Let d = 28 + -2. Calculate the greatest common divisor of d and 65.
13
Let u(b) = 9*b**2 - b - 1. Let i be u(-1). Let j = 229 - 148. Calculate the highest common divisor of j and i.
9
Let k be -4 + 25 - (1 + 0). What is the highest common factor of 100 and k?
20
Suppose 4*f - h = 9 + 54, -2*f + 27 = h. Let k(q) = 5*q**2 - 2*q - 1. Let w be k(2). Calculate the greatest common divisor of f and w.
15
Let n = -4 - -60. Let k = -96 + n. Let s = 148 + k. Calculate the highest common factor of s and 12.
12
Let r be (1/(-2))/((-2)/20). Suppose 5*d - 2*c = -45, -9 = -d + 2*d + r*c. Let t be 3/((-1)/d*3). Calculate the greatest common factor of t and 1.
1
Suppose 0 = 4*n, -k + 3*k + 2*n = 24. Suppose 0*o - o + k = 0. Let w(l) = -l + 36. Let r be w(0). Calculate the greatest common divisor of o and r.
12
Let l = 26 - -95. Let b(u) = 2*u - 3. Let v be b(7). What is the greatest common factor of v and l?
11
Suppose -483 = -7*z + 77. What is the highest common factor of z and 16?
16
Let l = 43 - 31. Calculate the greatest common divisor of l and 3.
3
Let g(o) = o**3 - 9*o**2 + 13*o - 10. Let k be g(8). What is the greatest common divisor of k and 3?
3
Suppose 0 = 5*z + 47 - 137. Suppose -60 = 3*i - 222. Calculate the greatest common divisor of z and i.
18
Let k = -76 + 91. Calculate the greatest common factor of 15 and k.
15
Let m(g) = g**2 + 16. Let j be m(0). Let h be (3/(-2))/((-4)/(-8)). Let c be (h - 0)*6/(-9). Calculate the highest common factor of c and j.
2
Suppose 3*k + 127 = 220. What is the greatest common factor of k and 279?
31
Suppose -117 = -4*a + 51. What is the greatest common divisor of 7 and a?
7
Suppose 0*m - 12 = -m. Let s = m + 9. Calculate the highest common divisor of 147 and s.
21
Let y = 33 - 19. Let i = -227 + 339. Suppose -2*t = -2*n + 188, -t - 374 = -5*n + i. Calculate the highest common divisor of n and y.
14
Suppose 0 = 3*j - 192 - 33. Calculate the highest common factor of j and 30.
15
Let p be (3 - (-6)/(-2)) + 4. Suppose -n + 18 = p. What is the greatest common divisor of 14 and n?
14
Suppose 4*h + 2*f = 3*f + 46, 4*f = -2*h + 32. Suppose t - 2*t = -36. Calculate the highest common divisor of h and t.
12
Let r be (1/4 - 1)*4. Let y be (-2)/r + (-130)/(-3). Suppose 22 = 6*f - 2. Calculate the greatest common factor of f and y.
4
Let t(i) = -i**3 + 7*i**2 + 7*i + 17. Let x be t(8). Calculate the highest common divisor of 15 and x.
3
Suppose -u - 5*h + 27 = 0, 8 = 4*u - 5*h - 0. Calculate the greatest common divisor of u and 56.
7
Let r = -18 - -42. What is the greatest common divisor of 3 and r?
3
Suppose -6*s + 3*s + 51 = -3*d, s = -2*d + 8. Let r(i) = i**3 - 5*i**2 - 1. Let g be r(6). What is the highest common divisor of g and s?
7
Let t be 13/4 - 6/(-8). Suppose -4*n + 210 = 3*v, -t*v = -4*n - v + 222. Calculate the greatest common divisor of n and 6.
6
Suppose 0*d + 5 = d. Suppose 90 = -12*a + 14*a. Calculate the highest common divisor of a and d.
5
Suppose 2*d = 6*d - 16. Calculate the highest common factor of 28 and d.
4
Let x be (3/2)/(69/598). Let s(k) = 8*k**2 + 4*k + 5. Let i be s(-4). What is the greatest common factor of x and i?
13
Let s be ((-594)/(-10))/3*5. Let n(l) = -11*l - 1. Let b be n(-2). Suppose 5*v - 47 = f, 3*v + f = -2*f + b. What is the highest common factor of v and s?
9
Let x = 10 - 5. Let b = -19 + 34. What is the greatest common factor of x and b?
5
Suppose 0 = f - 6. What is the highest common divisor of f and 18?
6
Let a(w) = -w**3 + 5*w**2 - 3*w - 4. Let u be a(3). Suppose -u*q - 1 = -4*y, -4*q - 10 + 42 = 5*y. Calculate the greatest common factor of q and 3.
3
Suppose 0 = -2*p + 3*t + 46, 0*p - 3*t - 80 = -4*p. Let o = p + -5. What is the greatest common factor of o and 12?
12
Let h be ((-2)/5)/((-2)/40). Suppose -p + 31 = 4*w, -5*w + 3*p = -w - 35. Calculate the highest common factor of h and w.
8
Let p(r) = 39*r**3 + 1. Let s be p(1). Suppose -7*y - 2*y = -90. Calculate the greatest common divisor of s and y.
10
Suppose 9*f = 4*f - 5, 3*f + 3 = -2*y. Suppose 0*o - 3*o + 63 = y. Calculate the highest common divisor of o and 63.
21
Let q be 50*(20/(-8) + 3). Let a = -12 + 17. Calculate the highest common factor of q and a.
5
Let y = -56 - -110. What is the greatest common factor of y and 27?
27
Suppose -765 = -7*d + 2*d. What is the highest common factor of 17 and d?
17
Let o be 1/((-2)/(5 - -1)). Let d(m) = m**2 + 4. Let f be d(o). Calculate the greatest common factor of 65 and f.
13
Let b be 30/4*6/5. Calculate the highest common divisor of b and 36.
9
Suppose -3*c + 10 + 1 = n, 5*c = 5*n - 15. Suppose -c*d + 20 = -22. Calculate the greatest common divisor of 105 and d.
21
Suppose 515 + 313 = 3*d. Suppose -4*v - d = -4*i, 0*v - 2 = 2*v. Let s be (-2)/(-4)*(39 + -5). Calculate the greatest common divisor of i and s.
17
Let g(l) = -12*l + 13*l**2 + 1 + 4*l**2 - 6*l**2 - l**3 - 7. Let j be g(9). What is the greatest common factor of j and 6?
6
Let p be 6/(-4)*100/(-30). Suppose -p*f + 143 = -417. Suppose -70 = -2*z - 3*z. What is the greatest common factor of z and f?
14
Let m(i) = -i**2 - 2*i - i +